{"id":207,"date":"2021-08-28T17:23:21","date_gmt":"2021-08-28T15:23:21","guid":{"rendered":"http:\/\/localhost\/f6\/?page_id=207"},"modified":"2021-08-28T17:23:21","modified_gmt":"2021-08-28T15:23:21","slug":"teamstunde","status":"publish","type":"page","link":"https:\/\/freudgymnasium.at\/site\/unser-angebot\/teamstunde\/","title":{"rendered":"Teamstunde"},"content":{"rendered":"\n<p>In der Teamstunde stehen Klassengemeinschaft und Kommunikation im Vordergrund. Ziel ist es, die Klassengemeinschaft so zu st\u00e4rken, dass Sch\u00fclerinnen und Sch\u00fcler gut und gerne miteinander lernen. Nicht nur Konflikte sollen gel\u00f6st, sondern auch das Verst\u00e4ndnis f\u00fcreinander aufgebaut und die Kommunikation gef\u00f6rdert werden.\u00a0<\/p>\n\n\n\n<p>Die Teamstunde findet im 14-Tage-Rhythmus verpflichtend in den ersten und dritten Klassen statt, da es hier um das St\u00e4rken der Klassengemeinschaft und die Unterst\u00fctzung beim \u00dcbergang in die Schultypen (Gymnasium und Realgymnasium) geht. Bei Bedarf wird diese Stunde aber auch in anderen Schulstufen angeboten.\u00a0<\/p>\n","protected":false},"excerpt":{"rendered":"<p>In der Teamstunde stehen Klassengemeinschaft und Kommunikation im Vordergrund. Ziel ist es, die Klassengemeinschaft so zu st\u00e4rken, dass Sch\u00fclerinnen und Sch\u00fcler gut und gerne miteinander lernen. Nicht nur Konflikte sollen gel\u00f6st, sondern auch das Verst\u00e4ndnis f\u00fcreinander aufgebaut und die Kommunikation gef\u00f6rdert werden.\u00a0 Die Teamstunde findet im 14-Tage-Rhythmus verpflichtend in den ersten und dritten Klassen statt, [&hellip;]<\/p>\n","protected":false},"author":1,"featured_media":0,"parent":13,"menu_order":0,"comment_status":"closed","ping_status":"closed","template":"","meta":{"footnotes":""},"class_list":["post-207","page","type-page","status-publish","hentry"],"_links":{"self":[{"href":"https:\/\/freudgymnasium.at\/site\/wp-json\/wp\/v2\/pages\/207","targetHints":{"allow":["GET"]}}],"collection":[{"href":"https:\/\/freudgymnasium.at\/site\/wp-json\/wp\/v2\/pages"}],"about":[{"href":"https:\/\/freudgymnasium.at\/site\/wp-json\/wp\/v2\/types\/page"}],"author":[{"embeddable":true,"href":"https:\/\/freudgymnasium.at\/site\/wp-json\/wp\/v2\/users\/1"}],"replies":[{"embeddable":true,"href":"https:\/\/freudgymnasium.at\/site\/wp-json\/wp\/v2\/comments?post=207"}],"version-history":[{"count":0,"href":"https:\/\/freudgymnasium.at\/site\/wp-json\/wp\/v2\/pages\/207\/revisions"}],"up":[{"embeddable":true,"href":"https:\/\/freudgymnasium.at\/site\/wp-json\/wp\/v2\/pages\/13"}],"wp:attachment":[{"href":"https:\/\/freudgymnasium.at\/site\/wp-json\/wp\/v2\/media?parent=207"}],"curies":[{"name":"wp","href":"https:\/\/api.w.org\/{rel}","templated":true}]}}

<p>In der Teamstunde stehen Klassengemeinschaft und Kommunikation im Vordergrund. Ziel ist es, die Klassengemeinschaft so zu stärken, dass Schülerinnen und Schüler gut und gerne miteinander lernen. Nicht nur Konflikte sollen gelöst, sondern auch das Verständnis füreinander aufgebaut und die Kommunikation gefördert werden. </p>



<p>Die Teamstunde findet im 14-Tage-Rhythmus verpflichtend in den ersten und dritten Klassen statt, da es hier um das Stärken der Klassengemeinschaft und die Unterstützung beim Übergang in die Schultypen (Gymnasium und Realgymnasium) geht. Bei Bedarf wird diese Stunde aber auch in anderen Schulstufen angeboten. </p>

<p>In der Teamstunde stehen Klassengemeinschaft und Kommunikation im Vordergrund. Ziel ist es, die Klassengemeinschaft so zu stärken, dass Schülerinnen und Schüler gut und gerne miteinander lernen. Nicht nur Konflikte sollen gelöst, sondern auch das Verständnis füreinander aufgebaut und die Kommunikation gefördert werden.  Die Teamstunde findet im 14-Tage-Rhythmus verpflichtend in den ersten und dritten Klassen statt, [&hellip;]</p>
